rs of f?
2, 5
Let p(j) = -j**2 - 3*j + 3. Let a be p(-2). Suppose -2*c - f + 164 = -2*f, -a*f = 3*c - 246. What are the prime factors of c?
2, 41
Let m = -147 - -242. Let j be 38/m + (-10084)/10. List the prime factors of j/(-22) + (-16)/(-88).
2, 23
Let m = -82 - -81. List the prime factors of (-5)/((-60)/363) - m/(-4).
2, 3, 5
Suppose 1939*u - 1932*u = 10598. List the prime factors of u.
2, 757
Let t(u) = u**2 + 2*u + 8. Let k be t(-6). Let b(m) = -m**3 - m**2 - 5*m - 12. Let j be b(-3). Let s = k - j. List the prime factors of s.
11
Suppose v + 5*d = 2, -7 - 3 = -2*v - 4*d. Suppose -3*u = v - 43. List the prime factors of u.
2, 3
Let f(n) be the third derivative of -13*n**4/12 + n**3/3 - 59*n**2. Suppose 3*w - 9 = 0, -2*j = -3*w + 7 + 4. What are the prime factors of f(j)?
2, 7
Let b = -106 - -113. Let g = b + 65. List the prime factors of g.
2, 3
Suppose 15 = p + d, -d = -p - 3*d + 19. Suppose 3*n - p = 22. What are the prime factors of n?
11
Let v(o) = 0*o + 2*o + 1 + 2*o + 2*o. Let a be v(1). Suppose 24 = h + a. List the prime factors of h.
17
Let x(b) = -b**2 + 12*b + 74. List the prime factors of x(15).
29
List the prime factors of (-1)/(1 + -2) + 5520/10.
7, 79
Let n(t) = t**3 - 9*t**2 + 2*t + 11. Suppose 2*l - l = -2*i + 15, -i - 10 = -2*l. Let f = 2 + l. What are the prime factors of n(f)?
29
Let q be (0 - (1 + -1)) + -27. Let w be -4*36/(-24)*2/4. Let z = w - q. What are the prime factors of z?
2, 3, 5
Let o = 74 + -34. Let v = o - 13. List the prime factors of v.
3
Let l be -2*(-9)/12*6. Let i = l - -39. What are the prime factors of i?
2, 3
Let q(a) = -3*a - 11. Suppose 0*t = 4*t + 80. List the prime factors of q(t).
7
Let i = 8 - 23. Let x = i + 12. What are the prime factors of (x/(-2))/(4/24)?
3
Suppose -227 = 5*z - 37. Let i = z + 98. Let u = i - 10. What are the prime factors of u?
2, 5
Suppose -4*d + 942 = 5*z - 1033, -1935 = -5*z + 4*d. List the prime factors of z.
17, 23
Let m(d) = -21*d + 15. Let i(t) = -7*t + 5. Let k(q) = -11*i(q) + 4*m(q). Let c(g) = 4*g - 2. Let u(h) = -5*c(h) - 3*k(h). List the prime factors of u(10).
5
Suppose -m + 6*m = 0. Suppose b - 14 = -m*q - q, -5*b - 66 = -3*q. Let g = 29 + q. What are the prime factors of g?
2, 23
Suppose 4*f + 146 = 5*f. Let g = -101 + f. What are the prime factors of (-2)/9 - (-1270)/g?
2, 7
Suppose 3013 = -8*s + 29725. What are the prime factors of s?
3, 7, 53
Let g = 0 + 2. Let d be (-177)/(-11) + (-16)/176. Suppose -6*r = -g*r - d. List the prime factors of r.
2
Let g(d) = -d**3 + 10*d**2 - 6*d - 32. Let o be g(11). Let j = o - -462. What are the prime factors of j?
3
Let x be (-5)/(-2)*(-42)/(-35). Suppose -29 = x*a - 92. Suppose a = -4*o + 137. List the prime factors of o.
29
Let u = 16 + -4. Suppose 3*w - u = m + 6*w, 4*m + 5*w + 13 = 0. What are the prime factors of (24/5)/(m/10)?
2
Let r be (2/(-6))/((-15)/225). Suppose r*s = -4*s + 1053. What are the prime factors of s?
3, 13
Let w(n) = -2*n**2 - 4*n + 6. Let m(g) = -g**2 + 1. Let a(t) = 2*m(t) - 2*w(t). Let c be a(-8). Let h = c + -38. List the prime factors of h.
2
Suppose 5*a = 2*t - 29, -a + 1 = 2*t + 2. Suppose -5 = -t*n + 7. Suppose -x + n*x + d = 55, -3*d + 44 = 4*x. List the prime factors of x.
11
Suppose 0 = -7*n + 114 + 19. Let q = 12 + n. Let s = 37 + q. What are the prime factors of s?
2, 17
Suppose 1691 = -4*b + 11239. List the prime factors of b.
7, 11, 31
Let i(s) = 183*s + 557. List the prime factors of i(11).
2, 5, 257
Suppose -5*b - 67 = -2. Let u = -11 - b. Suppose a + u - 19 = 0. What are the prime factors of a?
17
Suppose 4*l - 4*i = 620, 61*i - 59*i = 4*l - 618. List the prime factors of l.
2, 7, 11
Suppose 4*n - 3*k = 8676, 0*n + 6532 = 3*n + 4*k. What are the prime factors of n?
2, 3, 181
Let x(p) = 5 + 4 + 0*p - p**3 + 7*p - 5*p**2. Let o be x(-6). Suppose 0 = o*s - 2*t - 24 + 2, -3*s + 5*t + 10 = 0. What are the prime factors of s?
2, 5
List the prime factors of (3/(-6))/(11/(-7524)).
2, 3, 19
Let o = 95 + -62. Suppose -5*z + o = -17. List the prime factors of z.
2, 5
Let a = 1092 - 280. What are the prime factors of a?
2, 7, 29
Suppose 5*c - 5*z = -2*z + 2498, -5*c = -4*z - 2499. What are the prime factors of c?
499
Let v(k) = -137*k - 21. List the prime factors of v(-11).
2, 743
Let r = -538 + 1340. List the prime factors of r.
2, 401
Let x be 113/3*(-15)/10*-4. Suppose -7*l + 327 = -x. What are the prime factors of l?
79
Let i(w) = -w**2 - 5*w + 8. Let v be i(-7). Let t be 0 + -2*(-3)/v. Let h = 34 + t. What are the prime factors of h?
3, 11
Suppose h - c = 3*h - 48, 2*c = 0. What are the prime factors of (h/20)/((-4)/(-110))?
3, 11
Suppose -11*x + 6664 = -2708. List the prime factors of x.
2, 3, 71
Suppose 77*v - 47*v = 104820. What are the prime factors of v?
2, 1747
Suppose -2*w - 2*h - 40 = 0, -5*w = -w - h + 60. Let q = 21 + w. Suppose -q*x - 2*c = -224, x = -0*x - c + 46. List the prime factors of x.
2, 11
Let n(p) be the first derivative of -8 + 14/3*p**3 - 1/4*p**4 - 13/2*p**2 + 6*p. What are the prime factors of n(13)?
2, 3
Let c(i) = -8*i + 195. List the prime factors of c(0).
3, 5, 13
Suppose 3*k = m + 1, -5*m + 4*k = k - 19. Suppose -122 = -r + m*n, -2*r + 6*n - 3*n = -209. What are the prime factors of r?
97
Suppose -l - 696 = -5*j, 2*l + 3*l - 551 = -4*j. Suppose -3*c + 98 + j = 0. List the prime factors of c.
79
What are the prime factors of ((-7)/(-42)*93)/((-1)/(-2))?
31
List the prime factors of 3722/(35/(-7) - -10 - 3).
1861
Let i be 1731/5 - (-2)/(-10). Suppose 0*m + 194 = m + 5*k, -2*m + i = -4*k. What are the prime factors of m?
179
Suppose 0 = 19*d - 35*d + 1024. What are the prime factors of d?
2
List the prime factors of (-30)/6 + 3 - -136.
2, 67
List the prime factors of 205 + -1 + 0/64.
2, 3, 17
List the prime factors of (132/(-18))/11 + 49990/15.
2, 7, 17
Suppose 31*x = 23*x + 704. Suppose 169 = 89*k - x*k. List the prime factors of k.
13
Let u = 562 - -480. List the prime factors of u.
2, 521
Let f(o) = o**2 - 12*o + 37. Let v be f(11). What are the prime factors of v/(-117) - 220/(-18)?
2, 3
Suppose 2*y - 74 = -4*m, 2*y + 43 = 4*m - 35. What are the prime factors of m?
19
Let x be 3/(4 + 118/(-30)). Let z = x - 22. What are the prime factors of z?
23
Let q = -107 + 251. What are the prime factors of q?
2, 3
Let w be (1 - 4)*40/12. Let v(t) = -5*t + 16. What are the prime factors of v(w)?
2, 3, 11
Let t(s) = -s**3 - 10*s**2 - 15*s + 1. Let v be t(-7). Let w = v + 57. Suppose 4*q + 3*l + w - 151 = 0, 0 = -5*q - 2*l + 174. List the prime factors of q.
2, 3
Let s = 577 - 409. What are the prime factors of s?
2, 3, 7
Let x = 857 + -441. List the prime factors of x.
2, 13
Suppose -6*z + 20 = -2*z + 3*a, 2*a = -z + 10. Suppose z*p = -3*g, 5*p = -g - 2*g. Suppose -s + 8 = -p*s. List the prime factors of s.
2
Let y be 91 + 1/(5/(-15))*1. Let w(p) = p + 4. Let s be w(-2). Suppose 3*q - y = -2*t - 0*q, 4*t - s*q - 176 = 0. What are the prime factors of t?
2, 11
Suppose 3*o - 164 = -5*x, -4*x - 28 = 4*o - 236. Let c be o/(-40)*(-20)/6. Suppose 26 + 6 = c*d + 3*u, 3*d - 41 = 2*u. List the prime factors of d.
11
Let a(x) = 324*x**2 + 2*x + 1. Let z be a(-1). Suppose -3*y - 113 + z = 0. List the prime factors of y.
2, 5, 7
Suppose -3*y = -48 + 36, 3675 = 5*x - 5*y. List the prime factors of x.
739
Suppose -15*k = -10*k - 3295. List the prime factors of k.
659
Let o = 44 - 27. Suppose -6*t - o = 13. Let f = 36 - t. What are the prime factors of f?
41
Let j(y) = -4*y - 20. Let i = -126 - -114. List the prime factors of j(i).
2, 7
Suppose v - 85*a = -83*a + 1755, 4*v - 7000 = -2*a. List the prime factors of v.
17, 103
Let u = 12 - 25. Let x = 7 + u. Let f = 16 - x. List the prime factors of f.
2, 11
Suppose 358 - 34 = 2*p + 5*r, 5*p = -2*r + 810. List the prime factors of p.
2, 3
List the prime factors of (85/34)/((-3)/(-1272)).
2, 5, 53
Suppose 10*m - 12*m = 0. Suppose 2*k = -m*o + 2*o + 204, -k = -3*o - 106. List the prime factors of k.
2, 5
Suppose 35*n - 5789 = 24556. List the prime factors of n.
3, 17
Let s(h) = -2*h**3 - 3*h**2 + h + 3. Let k be s(-2). Let t be 123/1 - 2/1. Suppose 0 = -0*q - k*q + m + t, 87 = 3*q + 3*m. What are the prime factors of q?
5
Suppose -2*a + 80 = -2*m, 2*m - 214 = -3*a - 2*a. Let q(k) = -18*k**2 + 1. Let h be q(1). Let l = a + h. Wha